 + 13. What is n(u)?
-3
Let m(b) = 2*b**2 - 36*b**3 - 1 + 7*b**3 + 15*b**3. Let f(c) = c**3 + 3*c**2 - 4*c - 10. Let q be f(-3). Suppose 0*a + 7 = -y - 2*a, -q*y = a + 2. What is m(y)?
-13
Let o(z) = -50*z - z**2 + 16 - 8 + 21 + 36*z. Determine o(-13).
42
Suppose -6 + 24 = 6*o. Suppose 0 = 6*w - w - 25, -o*c = -w - 28. Let b(r) = -4 - 17 + c + 3*r. Calculate b(8).
14
Let a(d) = -28*d**2 + 32*d - 21. Let g(k) = -13*k**2 + 15*k - 10. Let j(x) = 6*a(x) - 13*g(x). Suppose 2*v - v = 0. Let f = 3 + v. Give j(f).
4
Let b(v) be the third derivative of 0*v - 1/12*v**5 + 1/3*v**3 + 1/8*v**4 - 9*v**2 - 1 + 1/120*v**6. What is b(4)?
-2
Let l(b) = b**3 + 16*b**2 + 25*b - 23. Let a be l(-14). Let w(g) = g**2 - 26*g + 141. Determine w(a).
8
Let r(d) = -1657*d**2 + 18 + 45 - 19 + 1658*d**2 + 20*d. Give r(-18).
8
Let x(q) = q**3 - 3*q**2 - 8. Let r be -9 + 0 - 1/(-2)*24. Give x(r).
-8
Let l(s) be the first derivative of s**5/30 - s**3/3 - 7*s**2/2 + 6*s - 24. Let a(x) be the second derivative of l(x). Determine a(-2).
6
Let v be (-6)/(276/115)*(-1)/((-450)/(-3)). Let m(z) be the third derivative of 0*z + 0 - 1/6*z**3 - 4*z**2 + 1/8*z**4 + v*z**5. Calculate m(-3).
-1
Let i(u) = -4*u**2 + u - 5. Let m(s) = -23*s**2 + 7*s - 28. Let a(q) = 34*i(q) - 6*m(q). Let p(g) = -g**2 - 9*g + 6. Let l be p(-9). Calculate a(l).
22
Let i(m) be the second derivative of m**4/12 + 3*m**3/2 - 13*m**2/2 - 13*m. Suppose n - 18 = -29. Give i(n).
9
Let v = 5 - 14. Suppose 0 = 158*b - 178*b + 140. Let y(o) = 3*o + o**3 - 5 + b*o**2 + 3*o**2 + 5*o + 0*o - 8. What is y(v)?
-4
Suppose -3*k + w = 15, 3*k + 40*w - 35*w + 51 = 0. Let d(t) = -11*t - 72. Give d(k).
5
Let d(x) = x**3 - 4*x**2 - 13*x - 13. Let i(n) = -95*n - 374. Let w be i(-4). Determine d(w).
-19
Let n(x) be the second derivative of -x**4/12 + x**3/6 - 4*x**2 + 1581*x. Determine n(-6).
-50
Let c(a) = 1118*a + 142. Let s(j) = -477*j - 71. Let t(k) = -3*c(k) - 7*s(k). Give t(5).
-4
Let z = -8 - -1. Let b(n) = 40*n + 15. Let v(o) = 36*o + 16. Let w(h) = 8*b(h) - 9*v(h). Calculate w(z).
4
Let p(l) = -l**2 + 7*l - 5. Let x(a) = -2*a**2 + 10*a - 7. Let u be (-80)/(-24) - (-2)/3. Let y = u + -11. Let w(n) = y*p(n) + 5*x(n). Give w(-1).
-4
Let p(y) = -y**2 + 18*y - 66. Let w be (-40)/(-26) + 690/1495 + 1*5. Calculate p(w).
11
Let l(t) = -4*t**2 - 9*t + 3. Let b(g) = -17*g**2 - 37*g + 11. Let w(p) = 2*b(p) - 9*l(p). Determine w(-6).
25
Let i(p) = 3*p**2 + 1. Let x(c) = -c**2 - 21*c + 58. Let o be x(-24). Let a be -2 + ((-4)/(-1))/(o/(-14)). What is i(a)?
13
Let n(j) be the second derivative of j**4/12 - 3*j**3 + 34*j**2 + 1719*j. Give n(13).
3
Suppose 7*l - 60 = -8*l. Suppose -5*n + 3216 + 524 = 4*w, l*w - 5*n - 3740 = 0. Let j(k) = w - 3*k + 4*k - 925. What is j(0)?
10
Let a(y) be the first derivative of -5*y**2/2 - 2*y + 54. Let k(q) = 14*q + 5. Let d(o) = 8*a(o) + 3*k(o). Suppose 3*r - 6 = -0*r. Determine d(r).
3
Let r(k) = 13*k + 1 - 1. Suppose -2*c - 4*a - 18 = 0, -2014*c = -2019*c - 4*a - 15. Give r(c).
13
Let b(g) = -7*g**2 + 23*g**2 + 1 - 351*g + 351*g - 5*g**2. What is b(2)?
45
Let z(x) = 105 + 102 + 106 - 327 + 4*x + 14*x - x**2. What is z(16)?
18
Let p(r) = 6*r**2 + 185*r - 10. Let j(w) = 3*w**2 + 111*w - 5. Let m(f) = 5*j(f) - 3*p(f). Calculate m(-3).
-22
Let c(d) = 2*d**3 - 3*d - 4. Let f be (1 - -1)*186/124. Give c(f).
41
Let p(m) be the third derivative of m**4/24 + 13*m**3/6 - 10*m**2 - 62. Let z be 4/(-10) + (-86)/10. Give p(z).
4
Let a(b) = -b**3 + 21*b**2 + 161*b + 60. Let c be a(27). Let v(u) = -2*u**3 + 64*u**2 + 65*u + 32. Determine v(c).
-1
Let f(u) be the third derivative of -u**6/60 + 13*u**5/60 - 11*u**4/24 - u**3/2 + 3*u**2 - 451. Determine f(5).
17
Suppose 3*w - 6 = 5*a - 0, -3*w - 2*a = 15. Let i(z) = -z**3 + 2*z. Determine i(w).
21
Let q = 15 - 10. Let v(m) = -29*m**2 - 34*m - 15. Let p(a) = -8*a**2 - 9*a - 4. Let b(s) = -22*p(s) + 6*v(s). What is b(q)?
18
Let j(u) be the first derivative of -u**3/3 - 7*u**2/2 - 5*u - 1. Let b be j(-3). Let a(n) = -19*n**3 + 8*n**3 + 8*n**2 + 2 + 10*n**3 - 6*n. Calculate a(b).
9
Let p(b) = -2*b**2 + 3*b + 9. Suppose -34 + 76 - 42 = -18*r. Give p(r).
9
Let p(b) = -4*b - 376. Let o(m) = 2*m + 340. Let z(s) = -7*o(s) - 6*p(s). Give z(13).
6
Let m(d) = 5*d - 207. Let l(b) = 22*b**2 - 103*b + 102. Let x be l(4). What is m(x)?
3
Let c(k) = 13*k + 9. Suppose m - 24 = 3*m - 16. Give c(m).
-43
Let j = -49 - 159. Let v = j - -201. Let i(a) = a**3 + 6*a**2 - 8*a - 3. What is i(v)?
4
Let z(j) = 7*j**2 - 14. Let l(r) = 19*r**2 + 2*r - 47. Let k(g) = -28*g**2 - 3*g + 70. Let v(d) = 5*k(d) + 8*l(d). Let o(u) = -3*v(u) + 5*z(u). Determine o(-5).
-2
Let z(o) = 196*o**2 - 615*o**2 + 5 + 201*o**2 + o**3 - o + 199*o**2. Determine z(19).
-14
Let t(y) be the first derivative of 3/2*y**2 - 2*y + 2/3*y**3 - 1/4*y**4 + 156. Let s = -3 - -5. Determine t(s).
4
Let x = -4381 - -4386. Let a(u) = 13*u - 14. Calculate a(x).
51
Let t(p) = 10 - 3 + 203*p - 408*p + 3*p**3 + 200*p - 8*p**2 + 5. Give t(3).
6
Suppose 118 = 3*i + t, -3*i - 2*t + 54 + 62 = 0. Let b be i/6 + -2 + (-8)/12. Let r(x) = -b*x**2 - 9*x**3 + 8*x**3 - x + 2*x**3 + 6*x - 2. Calculate r(3).
4
Let a(u) be the third derivative of u**6/120 + u**5/10 - 23*u**4/8 - 7*u**3/3 - 4253*u**2. Determine a(6).
4
Let f(w) = -11*w - 15. Let u(s) = 31*s + 47. Let b(g) = 8*f(g) + 3*u(g). Give b(-5).
-4
Let h(i) = -i + 4. Let r = -4497 - -4490. Determine h(r).
11
Let y(z) = 15*z - 26. Let n(f) = 3*f - 5. Let j be (1 + 0)*(-11)/(-2 - -1). Let w(b) = j*n(b) - 2*y(b). Let s = 77 + -75. What is w(s)?
3
Let z(j) = -35 + 48 - 3*j + 3 - 2*j + 3*j. What is z(8)?
0
Let d(x) = -15*x - 11. Let y(c) = c + 6. Let m(v) = d(v) + 3*y(v). Determine m(4).
-41
Suppose -332*c - 57 = -389*c. Let o(t) = 24*t**2 + 2*t - 1. Determine o(c).
25
Let i = 10994 + -10989. Let d(u) = -3*u**2 + 4*u + 5. Calculate d(i).
-50
Let r(l) be the second derivative of -l**3/6 - l**2 - l. Let j be 6/24 - ((-487)/4)/1. Suppose 143 = -7*v + j. Determine r(v).
1
Suppose -91 = -3*c - 5*s, -2*s = 7*c - 3*c - 98. Let f(z) = 20*z + 3 + 1 - 5*z**2 + z**2 + 3*z**2 - c*z. What is f(-4)?
-4
Let l(s) = -3*s - 184. Let h(q) = -5*q - 282. Let k(u) = 5*h(u) - 8*l(u). Calculate k(20).
42
Suppose -2*h - 2*q + 24 = -6*q, -2*q = 2*h. Suppose g + g - 54 = 4*j, -12 = h*j. Suppose -24*y = -g*y + 12. Let n(l) = 6*l. Give n(y).
-24
Let x(i) = 2*i - 11. Let t(z) = 2*z - 12. Let d = 15 + -20. Let q(c) = d*t(c) + 6*x(c). Let p be 104/16 - 1/2. What is q(p)?
6
Let q(x) be the second derivative of x**5/20 + 5*x**4/12 + 3*x**3/2 + 87*x**2/2 + 2273*x. Give q(-6).
-3
Let b(q) = -q**3 - 5*q**2 - 5*q - 19. Let w(f) = -2*f**2 - 2*f - 10. Let t(m) = 4*b(m) - 10*w(m). Let h(y) be the first derivative of t(y). Calculate h(-1).
-12
Let z(b) be the third derivative of -b**4/3 + 35*b**3/6 + 1182*b**2. What is z(10)?
-45
Let c(z) = z**2 + 12*z + 2. Suppose 30 = -5*p - 30. Let v be c(p). Suppose -v*r - 13 = j, -j - 14 = r - 3*j. Let h(i) = -i - 3. Determine h(r).
5
Let v(g) be the third derivative of g**4/6 + 5*g**3/6 - 1870*g**2. Calculate v(5).
25
Let x(t) = 17*t + 796590 - 42*t - 796686. Calculate x(-4).
4
Let c(u) = -u**2 - 11*u - 22. Let b be c(-8). Let v(h) = h - 4*h + 7*h - b. Calculate v(4).
14
Let v(b) = -101*b + 42*b + 6 + 68*b. Calculate v(-6).
-48
Let n(h) be the second derivative of -h**5/10 + 11*h**4/12 + h**3 - 52*h + 18. Determine n(6).
0
Let v(q) = q**2 - 4*q - 3. Let b be v(5). Let f(g) = 4*g - 3*g + 5*g**b - 10*g**2 + 2 - g**3. Let a be (-4116)/812 + (-2)/(-29). Give f(a).
-3
Let c = 92 + -88. Let t(f) = 1 + 3 - 15 - 13*f + c + 8. What is t(-1)?
14
Let y(a) = a**3 - 4*a**2 - a + 7. Let o be y(4). Suppose o*g = 17 - 5. Let d(p) = -47 + p**2 - 2*p + 94 - 49. Give d(g).
6
Let s(t) = -2*t - 5. Let f be s(-6). Suppose 95 - f = v. Let c(i) = i + 88 - v. Determine c(-4).
-4
Let t(r) = r**2 + 6*r - 24. Suppose -1360 = 41*d + 62*d + 67*d. Give t(d).
-8
Let a(y) = -6*y - 17. Let p = 2287 + -2282. Give a(p).
-47
Let x = 7 - 17. Let v(c) be the third derivative of c**6/120 + 11*c**5/60 + 11*c**4/24 + c**3/2 - 15095*c**2. Determine v(x).
-7
Let c(r) = -r**3 + 5*r**2 + 2*r - 9. Let j = -10012 + 10018. Calculate c(j).
-33
Suppose -3*b + 12 = 0, 4*s - 3*b + 14 = 34. Suppose 10*n = 14*n - s. Let d(v) = 6*v + 2. Determine d(n).
14
Le